o base 4
12
What is -1a (base 16) in base 9?
-28
4 (base 15) to base 16
4
What is 1130 (base 6) in base 14?
154
Convert 1 (base 12) to base 5.
1
-3 (base 13) to base 7
-3
Convert 1 (base 3) to base 5.
1
Convert 8 (base 10) to base 5.
13
Convert -10 (base 6) to base 10.
-6
What is 0 (base 9) in base 2?
0
What is -10 (base 6) in base 7?
-6
Convert -a (base 13) to base 15.
-a
110 (base 6) to base 7
60
Convert 94 (base 12) to base 5.
422
-33 (base 4) to base 14
-11
Convert 0 (base 10) to base 4.
0
What is -10 (base 10) in base 7?
-13
Convert -102 (base 6) to base 12.
-32
What is -10 (base 5) in base 4?
-11
Convert -18 (base 10) to base 13.
-15
-1 (base 9) to base 16
-1
-13 (base 15) to base 2
-10010
Convert -2 (base 4) to base 9.
-2
Convert -2c (base 13) to base 16.
-26
What is -22 (base 15) in base 14?
-24
What is 0 (base 14) in base 16?
0
What is -8 (base 15) in base 2?
-1000
What is 1121 (base 3) in base 13?
34
What is 3 (base 4) in base 13?
3
Convert -131 (base 5) to base 16.
-29
100 (base 4) to base 3
121
Convert 30 (base 5) to base 4.
33
4 (base 7) to base 5
4
13 (base 6) to base 14
9
What is -53 (base 7) in base 16?
-26
What is -92 (base 15) in base 7?
-254
What is 5 (base 7) in base 4?
11
Convert -324 (base 6) to base 10.
-124
3 (base 16) to base 6
3
What is -3a (base 14) in base 2?
-110100
-212 (base 3) to base 14
-19
-105 (base 7) to base 13
-42
Convert cc (base 16) to base 10.
204
11101 (base 2) to base 14
21
What is 0 (base 16) in base 7?
0
Convert 10 (base 2) to base 9.
2
What is 1 (base 2) in base 14?
1
Convert 4 (base 9) to base 3.
11
What is -1 (base 6) in base 11?
-1
What is 4 (base 13) in base 6?
4
What is 0 (base 9) in base 6?
0
-64 (base 13) to base 7
-145
-23 (base 9) to base 10
-21
What is 28 (base 16) in base 4?
220
39 (base 11) to base 9
46
Convert -24 (base 15) to base 12.
-2a
What is b (base 12) in base 2?
1011
Convert -1 (base 11) to base 3.
-1
bc (base 14) to base 5
1131
What is -120 (base 14) in base 13?
-143
What is 0 (base 3) in base 6?
0
What is ab (base 12) in base 5?
1011
-11212 (base 3) to base 8
-203
What is -a7 (base 15) in base 5?
-1112
Convert -4 (base 11) to base 8.
-4
Convert 7 (base 14) to base 7.
10
What is 33 (base 14) in base 16?
2d
What is -2 (base 11) in base 8?
-2
What is -100110 (base 2) in base 15?
-28
Convert -aa (base 15) to base 14.
-b6
Convert -11 (base 10) to base 2.
-1011
Convert -4 (base 7) to base 4.
-10
Convert -2 (base 4) to base 10.
-2
-30 (base 4) to base 16
-c
What is 10011 (base 2) in base 14?
15
18 (base 11) to base 12
17
Convert 29 (base 10) to base 3.
1002
What is 0 (base 9) in base 3?
0
What is -6d (base 14) in base 13?
-76
What is -3c (base 16) in base 13?
-48
Convert 14 (base 8) to base 13.
c
What is -6 (base 9) in base 5?
-11
What is 2 (base 14) in base 8?
2
Convert -11 (base 8) to base 10.
-9
0 (base 8) to base 3
0
-2 (base 8) to base 16
-2
Convert 1 (base 14) to base 11.
1
What is -10 (base 4) in base 5?
-4
-27 (base 15) to base 5
-122
1 (base 9) to base 14
1
7a (base 15) to base 11
a5
What is -14 (base 7) in base 11?
-10
What is -3 (base 7) in base 13?
-3
What is -2 (base 3) in base 7?
-2
-be (base 16) to base 11
-163
Convert 76 (base 12) to base 13.
6c
What is -330 (base 4) in base 3?
-2020
-6 (base 7) to base 13
-6
Convert 5 (base 11) to base 7.
5
-d (base 15) to base 14
-d
0 (base 13) to base 11
0
0 (base 14) to base 8
0
Convert 4 (base 7) to base 4.
10
-1101 (base 4) to base 12
-69
Convert 8 (base 10) to base 4.
20
Convert -2 (base 8) to base 7.
-2
Convert 4 (base 7) to base 9.
4
What is 46 (base 7) in base 13?
28
Convert 4 (base 15) to base 16.
4
1202 (base 3) to base 14
35
What is 1 (base 6) in base 16?
1
What is -1222 (base 3) in base 16?
-35
Convert -3 (base 4) to base 9.
-3
Convert 1 (base 15) to base 13.
1
-121 (base 5) to base 16
-24
What is 11 (base 6) in base 8?
7
Convert -1 (base 6) to base 5.
-1
-5 (base 11) to base 5
-10
53 (base 9) to base 5
143
Convert 80 (base 9) to base 11.
66
5 (base 8) to base 3
12
What is -325 (base 7) in base 2?
-10100110
-69 (base 16) to base 11
-96
Convert 6 (base 14) to base 16.
6
Convert 5 (base 10) to base 4.
11
What is -37 (base 15) in base 9?
-57
Convert 5 (base 6) to base 5.
10
Convert 0 (base 10) to base 12.
0
Convert -365 (base 9) to base 15.
-152
Convert 0 (base 4) to base 6.
0
What is -122 (base 8) in base 13?
-64
What is -75 (base 9) in base 2?
-1000100
What is -70 (base 15) in base 7?
-210
1012 (base 3) to base 5
112
Convert 101 (base 13) to base 3.
20022
What is -1011 (base 2) in base 6?
-15
Convert 10 (base 9) to base 15.
9
Convert 1152 (base 6) to base 10.
284
What is 0 (base 12) in base 5?
0
What is -7 (base 13) in base 14?
-7
-20 (base 3) to base 15
-6
What is -12 (base 3) in base 11?
-5
Convert 110 (base 6) to base 5.
132
Convert 10000 (base 2) to base 12.
14
Convert -10 (base 2) to base 16.
-2
Convert -261 (base 8) to base 2.
-10110001
Convert -135 (base 8) to base 3.
-10110
What is 8 (base 9) in base 14?
8
Convert 8 (base 10) to base 4.
20
What is -11 (base 2) in base 4?
-3
-16 (base 14) to base 3
-202
-1100 (base 2) to base 9
-13
Convert -201 (base 5) to base 16.
-33
36 (base 14) to base 9
53
Convert -11 (base 9) to base 13.
-a
Convert -58 (base 9) to base 6.
-125
Convert 5 (base 14) to base 4.
11
What is -5 (base 13) in base 2?
-101
What is 11 (base 14) in base 16?
f
What is 2 (base 4) in base 16?
2
Convert 10001 (base 2) to base 16.
11
What is -29 (base 16) in base 13?
-32
463 (base 7) to base 10
241
-263 (base 10) to base 15
-128
Convert 331 (base 5) to base 8.
133
-1 (base 13) to base 12
-1
-2 (base 15) to base 2
-10
0 (base 8) to base 13
0
-15 (base 8) to base 13
-10
Convert 34 (base 8) to base 2.
11100
Convert -300 (base 5) to base 12.
-63
10 (base 4) to base 5
4
What is -221 (base 3) in base 16?
-19
Convert 68 (base 16) to base 9.
125
1 (base 7) to base 12
1
Convert -2 (base 11) to base 6.
-2
What is -2 (base 3) in base 8?
-2
Convert 1 (base 3) to base 6.
1
-1 (base 15) to base 16
-1
What is 4 (base 16) in base 14?
4
-18 (base 10) to base 6
-30
-3 (base 6) to base 5
-3
-54 (base 6) to base 13
-28
c4 (base 14) to base 15
b7
1011 (base 4) to base 8
105
Convert 38 (base 15) to base 16.
35
2 (base 16) to base 11
2
-12 (base 14) to base 9
-17
Convert -4 (base 11) to base 13.
-4
-b (base 14) to base 4
-23
What is 2 (base 11) in base 4?
2
What is 423 (base 5) in base 7?
221
What is 2 (base 13) in base 16?
2
What is d (base 16) in base 14?
d
What is -3c (base 14) in base 3?
-2000
-56 (base 9) to base 12
-43
21 (base 3) to base 2
111
2 (base 12) to base 7
2
Convert -202 (base 3) to base 13.
-17
3 (base 4) to base 16
3
15 (base 11) to base 12
14
What is a (base 11) in base 6?
14
Convert 2b (base 15) to base 11.
38
-113 (base 4) to base 5
-43
Convert 3 (base 16) to base 3.
10
-1011 (base 2) to base 7
-14
What is 1030 (base 4) in base 12?
64
-1312 (base 4) to base 10
-118
Convert 0 (base 10) to base 11.
0
14 (base 12) to base 13
13
21112 (base 3) to base 9
245
Convert -10 (base 2) to base 5.
-2
-3 (base 8) to base 13
-3
Convert 213 (base 8) to base 13.
a9
11001 (base 2) to base 16
19
0 (base 5) to base 10
0
1001011 (base 2) to base 3
2210
What is -202 (base 4) in base 5?
-114
19 (base 15) to base 2
11000
Convert -213 (base 6) to base 3.
-10000
What is 300 (base 8) in base 2?
11000000
Convert 13 (base 13) to base 14.
12
4 (base 5) to base 13
4
What is -2 (base 8) in base 12?
-2
Convert -2 (base 6) to base 2.
-10
Convert -111 (base 5) to base 14.
-23
Convert 1a (base 11) to base 8.
25
Convert 0 (base 13) to base 5.
0
Convert 8 (base 14) to base 16.
8
Convert -1 (base 3) to base 4.
-1
Convert -101 (base 3) to base 11.
-a
61 (base 15) to base 5
331
What is 3 (base 8) in base 5?
3
4 (base 8) to base 15
4
Convert -13 (base 11) to base 9.
-15
-613 (base 7) to base 11
-257
2 (base 10) to base 9
2
What is 3 (base 8) in base 6?
3
Convert 35 (base 12) to base 3.
1112
-1020 (base 3) to base 14
-25
What is 1444 (base 6) in base 4?
12010
Convert -25 (base 7) to base 11.
-18
Convert 5 (base 8) to base 10.
5
What is 1 (base 7) in base 15?
1
What is 2 (base 11) in base 14?
2
What is -11 (base 3) in base 5?
-4
21 (base 5) to base 13
b
3 (base 4) to base 6
3
b (base 14) to base 8
13
What is 20 (base 4) in base 3?
22
-2 (base 7) to